at is 338 + 374?
6ac
In base 3, what is -212 - -10021110122?
10021102210
In base 12, what is 4 - 92280?
-92278
In base 2, what is -111000100100110000 - 101?
-111000100100110101
In base 4, what is -1122030 - -20?
-1122010
In base 8, what is 2 - 46605?
-46603
In base 9, what is 17846 + 0?
17846
In base 13, what is 9 + -1cac?
-1ca3
In base 10, what is 3 - -11282?
11285
In base 6, what is 10533435 - 3?
10533432
In base 5, what is 220 - 12441?
-12221
In base 16, what is 38 + 620?
658
In base 4, what is -111 + -323103?
-323220
In base 13, what is 17704 + -1?
17703
In base 10, what is 661 - 539?
122
In base 10, what is -86 + -18?
-104
In base 14, what is -76b + -49?
-7b6
In base 11, what is 1 - 794?
-793
In base 7, what is 4 - -64043?
64050
In base 16, what is 6 - 173?
-16d
In base 7, what is -302555 + -6?
-302564
In base 11, what is -27846 + 9?
-27838
In base 16, what is 42391 + -1?
42390
In base 7, what is 51145 - 4?
51141
In base 10, what is -3018 - 963?
-3981
In base 2, what is -10 + 1111001011111000?
1111001011110110
In base 12, what is -1 - 69639?
-6963a
In base 11, what is -14 - -2721?
2708
In base 2, what is -111 + 110010011111?
110010011000
In base 16, what is -4 - -ae33?
ae2f
In base 12, what is -6 + -11504?
-1150a
In base 10, what is -15300 + -47?
-15347
In base 9, what is -203080 - -5?
-203074
In base 12, what is 14 + -1952?
-193a
In base 9, what is -436 + 117?
-318
In base 16, what is -126 + -3a3?
-4c9
In base 10, what is -3075 - 63?
-3138
In base 3, what is -121 - 221000212?
-221001110
In base 6, what is -20120 + 1050?
-15030
In base 4, what is 12111101 + 12?
12111113
In base 14, what is 3a7c - 3?
3a79
In base 5, what is -143022141 + 2?
-143022134
In base 13, what is -255 + -52a?
-782
In base 2, what is 11010001 - -11101000?
110111001
In base 13, what is -10c + -3a8?
-4b7
In base 4, what is 112013 + 2?
112021
In base 11, what is 2 + 123aa2?
123aa4
In base 6, what is -114 - -100334?
100220
In base 15, what is -3e7b + -6?
-3e82
In base 9, what is 474170 + 1?
474171
In base 3, what is -12101120020 + 10?
-12101120010
In base 7, what is -113 + -1655?
-2101
In base 7, what is 520 - 640?
-120
In base 3, what is -100122201 - -11?
-100122120
In base 9, what is 77 - 14364?
-14276
In base 5, what is -1101 + -403?
-2004
In base 5, what is -210 + 1023213?
1023003
In base 5, what is -1103 - -441340?
440232
In base 11, what is 3 + 169a5?
169a8
In base 4, what is -11 - 210000?
-210011
In base 5, what is 4133 + -1132?
3001
In base 5, what is -200042 + 22?
-200020
In base 7, what is 3 + 1235305?
1235311
In base 13, what is 5 - -2520?
2525
In base 15, what is d0b - 28?
cd3
In base 14, what is 7 + -440?
-437
In base 4, what is -2 + -312002000?
-312002002
In base 2, what is 10111100100 + 1000?
10111101100
In base 2, what is -101 + -11010000101100?
-11010000110001
In base 2, what is 10010000111 + 11000?
10010011111
In base 2, what is 101 - 1001001001111?
-1001001001010
In base 14, what is -17 + -20658?
-20671
In base 13, what is 4 + -907?
-903
In base 3, what is -10202 + -111012?
-121221
In base 6, what is -4 + 2015?
2011
In base 5, what is 11223321 - 11?
11223310
In base 5, what is -44303 - 1110?
-100413
In base 14, what is 6 + 2ca?
2d2
In base 16, what is -1a1 - 35b?
-4fc
In base 8, what is -1426060 - 5?
-1426065
In base 5, what is 3042334 + 0?
3042334
In base 7, what is 41401354 - 3?
41401351
In base 8, what is -10045 + -33?
-10100
In base 2, what is -10011001 - 1110101?
-100001110
In base 12, what is 236b + -5?
2366
In base 11, what is -295 + -291?
-576
In base 16, what is -5 - 1f46?
-1f4b
In base 2, what is -111001110110 - 100000100?
-111101111010
In base 4, what is 2 + -112033102?
-112033100
In base 4, what is -222200 - -13101?
-203033
In base 12, what is -3 - -11b?
118
In base 11, what is -4 + 609863?
60985a
In base 3, what is 10 - -2201211112222?
2201211120002
In base 10, what is -4 - 158532?
-158536
In base 9, what is -701 - -370?
-321
In base 15, what is -1ea2 + -4?
-1ea6
In base 3, what is -121022 + 0?
-121022
In base 2, what is 1101 + -100100000110010111?
-100100000110001010
In base 7, what is 3 + 15213560?
15213563
In base 4, what is -21230021030 - 1?
-21230021031
In base 12, what is -2 - -5677a?
56778
In base 4, what is 2103301313 - -11?
2103301330
In base 14, what is -b16 + -20?
-b36
In base 2, what is 11100010111010011000111 + -100?
11100010111010011000011
In base 14, what is 211c5 - -1a?
21201
In base 15, what is 3 - -46068?
4606b
In base 8, what is 337 + 3606?
4145
In base 5, what is 10 - -323242?
323302
In base 4, what is -1012313223 + 10?
-1012313213
In base 10, what is -173247 - 2?
-173249
In base 4, what is -3300102 + -10?
-3300112
In base 8, what is 1 + -16674?
-16673
In base 4, what is 200 + -230110?
-223310
In base 15, what is 227 - 5?
222
In base 6, what is -141550 + 3?
-141543
In base 15, what is 3a + -3da8?
-3d6d
In base 9, what is -8 + -137783?
-137802
In base 3, what is 2200 - 2210?
-10
In base 12, what is -3 + -288553?
-288556
In base 5, what is -12 - -2322320?
2322303
In base 10, what is -8545 + -57?
-8602
In base 5, what is 2343134 + -101?
2343033
In base 11, what is -357a - -84?
-34a6
In base 8, what is 1 + -34507?
-34506
In base 11, what is -5a855 + 7?
-5a849
In base 8, what is -3 + -6622?
-6625
In base 10, what is 5 + 6646?
6651
In base 8, what is -364251 - 4?
-364255
In base 2, what is -111000010 - -10000111?
-100111011
In base 3, what is 20112102202 - -211?
20112110120
In base 10, what is -14 + 6781?
6767
In base 12, what is 439a54 + 0?
439a54
In base 14, what is 1 - -3d86c?
3d86d
In base 15, what is e + -35?
-26
In base 4, what is -11312023 - 21?
-11312110
In base 15, what is -1bab0 - 5?
-1bab5
In base 8, what is -1 + -52552?
-52553
In base 6, what is 20023 - -5511?
25534
In base 5, what is 3 + 1221010?
1221013
In base 10, what is -18605 - 240?
-18845
In base 7, what is 55 + -354?
-266
In base 10, what is -4 + 7042?
7038
In base 16, what is -16e + 5?
-169
In base 13, what is 361 + -44?
31a
In base 7, what is -14435 + 354?
-14051
In base 14, what is c0c - a?
c02
In base 2, what is 100100110 + 110111011?
1011100001
In base 13, what is 9798 + -2b?
976a
In base 4, what is -310 + -2021032?
-2022002
In base 4, what is 10000111 + -10?
10000101
In base 12, what is -4 + 24b298?
24b294
In base 10, what is -16983 - 34?
-17017
In base 3, what is 11 + -1001200101?
-1001200020
In base 3, what is 12 + 112111211?
112112000
In base 14, what is -136 - 329?
-461
In base 9, what is -2887 + 107?
-2780
In base 13, what is -5 - -4c5a?
4c55
In base 16, what is -482 - -4?
-47e
In base 8, what is -13413 + 106?
-13305
In base 15, what is -22 - b0?
-d2
In base 16, what is -641 + 5e?
-5e3
In base 15, what is 18 - -128c7?
128e0
In base 2, what is -1010 + -100011011111100011?
-100011011111101101
In base 13, what is 4 - -1554b?
15552
In base 8, what is 2 - 13231?
-13227
In base 8, what is 765476 + -4?
765472
In base 3, what is -202202 + 2101022?
1121120
In base 2, what is 111000111001110 - -10?
111000111010000
In base 7, what is 1460 + 11204?
12664
In base 5, what is -20 - -33403?
33333
In base 5, what is 0 - 202312124?
-202312124
In base 5, what is -11 + 122333?
122322
In base 12, what is 2185 + 8b?
2254
In base 13, what is -24b88 - 3?
-24b8b
In base 15, what is -ae31 + -2?
-ae33
In base 10, what is 197740 + 5?
197745
In base 15, what is 4 - acce?
-acca
In base 13, what is 1bc4 + -17?
1baa
In base 5, what is 4021 - 3434?
32
In base 10, what is 289 + 3440?
3729
In base 4, what is -121011 - -23?
-120322
In base 15, what is -d + 277a7?
27799
In base 5, what is 24323 + -1022?
23301
In base 12, what is 195594 - 5?
19558b
In base 16, what is 5 + -125a?
-1255
In base 16, what is -33fc2 - 5?
-33fc7
In base 5, what is -332241 - -113?
-332123
In base 11, what is -3 + 9778?
9775
In base 2, what is -1011100011011 - 101100?
-1011101000111
In base 8, what is -11014 + -42?
-11056
In base 2, what is -10010000001110 + -10000111?
-10010010010101
In base 14, what is 7 - a489?
-a482
In base 15, what is 21e9d2 + 5?
21e9d7
In base 14, what is 2c8b + 12?
2c9d
In base 12, what is a586 - 2?
a584
In base 13, what is -2 + -2a322b?
-2a3230
In base 13, what is -31 - -b33?
b02
In base 9, what is -3257 + 4?
-3253
In base 14, what is -b360 - -40?
-b320
In base 12, what is 51 +